n divisor of 3476 and j?
79
Suppose 17 = 2*c + 3*q - 33, -96 = -4*c - 5*q. What is the highest common divisor of c and 1?
1
Suppose 4*x + y = 80, 21*x = 16*x - 3*y + 100. Calculate the highest common divisor of x and 20.
20
Let r be (15/(-5))/((-3)/2). Suppose -4*d - d = 5*q, -2*d - 4*q = r. Let u be -3 + 76*d - 1. What is the greatest common factor of u and 9?
9
Let u be (0 + (3 - 66/14))*-105. What is the highest common divisor of 160 and u?
20
Suppose -14*f = -19*f + 90. Let i(g) = -g**3 + 18*g**2 - g + 26. Let o be i(f). Calculate the highest common divisor of 8 and o.
8
Suppose 5*x = 85 - 20. Let t(j) = 24*j**2 + 109*j + 36. Let l be t(-5). Calculate the greatest common factor of x and l.
13
Suppose 19 = -28*h + 21 + 54. Let s = 1 - -22. Suppose 4*i - s = 33. What is the greatest common factor of h and i?
2
Let a(q) = -q**3 - 24*q**2 + 39*q + 30. Let r be a(-26). What is the greatest common factor of r and 16?
16
Let t(x) = 150*x - 93. Let u be t(2). What is the highest common factor of 345 and u?
69
Let j(y) = -y**2 + 4*y + 7. Let s be j(8). Suppose 3*c + 2*w = 109, 2*c + 3*w = -c + 108. Let p = c + s. What is the greatest common divisor of p and 24?
12
Suppose u - l = 124, -5*l = -u + 16 + 124. What is the greatest common divisor of u and 2?
2
Suppose h + 88 = 2*h - 4*t, h - 68 = -t. Suppose -s + 2*p = -65, 2*s - h - 54 = 3*p. Let v = -6 - -25. What is the highest common factor of v and s?
19
Let a = 11 - -59. Let y = a + -46. Calculate the highest common divisor of 6 and y.
6
Suppose -100 = -0*o + 2*o - 5*w, 4*o - 4*w = -176. Let x = 55 + o. Let k = x + -14. What is the highest common factor of 4 and k?
1
Let t = 6 - -74. Let w = t - 48. Calculate the greatest common divisor of w and 128.
32
Suppose -6*k = 5 - 83. Calculate the highest common factor of k and 143.
13
Suppose 2*w + 4*r - 36 = 0, 4*r = 2*w - 0*r - 60. What is the greatest common factor of 32 and w?
8
Let m be ((-12)/18)/((-2)/234). Let w(y) = -y**2 - 31*y - 25. Let t be w(-20). What is the highest common divisor of t and m?
39
Let c(z) = z**2 - 10*z + 1. Let m be 409/(-11) - 6/(-33). Let n = -26 - m. Let h be c(n). Calculate the highest common factor of h and 30.
6
Let o(u) = -u + 14. Let s be o(10). Let t(g) = -112*g - 2. Let n be t(-2). Let r be 2 - (n/(-3) + s). What is the greatest common divisor of r and 9?
9
Let z(u) = u - 1 + 4 + 2 + 3. Let p be z(-5). Calculate the greatest common divisor of 24 and p.
3
Suppose -f = 4*q - 0*f - 964, -4*q - 3*f = -972. Let b = 65 + -35. Calculate the greatest common divisor of q and b.
30
Let j(i) = -116*i - 3. Let w be j(-15). What is the highest common divisor of 9 and w?
9
Suppose -63*v + 73*v = 1680. What is the highest common factor of 252 and v?
84
Suppose 205*c - 210*c = -35. Suppose -2*z = 10, 4*r + r - 155 = 3*z. What is the highest common divisor of c and r?
7
Let x = 16 - 4. Calculate the highest common divisor of 81 and x.
3
Suppose 44 = -2*r + 3*k, -17 - 3 = 5*k. Let g = r + 52. Let z be -3*1/((-2)/24). Calculate the highest common divisor of z and g.
12
Let g = 13 - 7. Suppose 22*o - 9*o = -o + 210. What is the highest common factor of g and o?
3
Let v(o) = -o + 22. Let b be v(9). Let s = 1 + -2. Let d = s + b. What is the greatest common divisor of d and 84?
12
Let c = 2065 + -453. What is the greatest common divisor of 26 and c?
26
Let z(s) = -3*s**3 - s**2 - 2*s + 1. Let g be z(-2). Let a be 6/2 + g + -3. What is the highest common divisor of a and 10?
5
Let a = 151 + -97. Let j = 102 - a. Calculate the greatest common factor of 12 and j.
12
Let t(s) = s**3 - 4*s**2 - 4*s - 21. Let o be t(6). Let m be 1/((24/o)/8). What is the greatest common factor of m and 81?
9
Let m = 3 + 5. Suppose 0 = 4*r - r - 24. Calculate the greatest common divisor of m and r.
8
Let j = 16 + -14. Let z be -2*-1*8 - 0. Calculate the highest common divisor of j and z.
2
Suppose -10*a = -817 - 803. Calculate the greatest common factor of 12 and a.
6
Let l be 9/(-6)*((-35)/3 - 3). What is the greatest common divisor of 1166 and l?
22
Suppose 39*u = 38*u + 39. What is the highest common divisor of u and 1248?
39
Let j be 32/5*50/10. Suppose 0 = 3*b - 13 - j. Let m = -155 + 230. Calculate the greatest common factor of m and b.
15
Let o = 30624 - 30596. Let q = 51 + 257. What is the highest common divisor of q and o?
28
Let v be (-4 + 1)/((-9)/48). Let y = v - 7. Let a = y - -21. Calculate the highest common divisor of 45 and a.
15
Suppose 18 = -2*y + 5*y - 3*r, -5*y + 3*r + 24 = 0. Suppose -y = i, 2*q + i - 105 = -2*q. Calculate the highest common factor of q and 36.
9
Suppose i = -2*y + 164, 4*i + 24*y - 650 = 22*y. What is the greatest common divisor of i and 36?
18
Let w be 2 + (-3 - 0)*(0 + 1). Let a be w/8 - (-4 + 6503/(-56)). What is the greatest common factor of a and 48?
24
Let j = 4 + 0. Suppose 5*l + 0*l + 21 = -j*t, -5*l = 2*t + 23. Suppose 363 = 4*f + 3*u, -t = u - 2*u. What is the highest common factor of 15 and f?
15
Suppose -1655 = 3*h + 2*h. Let c = h + 481. Calculate the highest common factor of 30 and c.
30
Let h(w) = w**2 + 5*w + 11. Let v be h(-5). Let t be (-282)/(-24) + -1 - (-1)/4. What is the highest common factor of t and v?
11
Let f(h) = 43*h**3 - h**2 + 1. Let l be f(1). Suppose -3*x + l = -47. Calculate the highest common factor of 330 and x.
30
Suppose 2219 = 3*j - 0*t + 4*t, -4*t + 2960 = 4*j. Calculate the greatest common divisor of 57 and j.
57
Let q(p) = p**3 + 9*p**2 + 7*p - 6. Let v be q(-8). Let c be (-4)/22 + v/11. Let k be (c + -12)*(-5)/10. Calculate the greatest common divisor of 12 and k.
6
Let x(v) = -13*v**3 + v - 3. Let j be x(-2). What is the highest common factor of j and 11?
11
Let q(j) = j - 4. Let v be (-25)/10*(1 + -3). Let x be q(v). Let i be 0 - x/(1/(-8)). What is the highest common divisor of i and 8?
8
Suppose -12*i + 3*i = -225. Let t be (i/(-3))/(10/(-30)). Calculate the greatest common divisor of t and 10.
5
Suppose 866 = 20*q + 66. Let s be (-16)/(-6)*21*5. What is the highest common factor of q and s?
40
Let q(c) = c - 7. Let m be q(13). Let s(t) = -t**3 + 7*t**2 + 10. Let g be s(m). Let f = -42 - -111. Calculate the greatest common divisor of g and f.
23
Suppose -19*d + 1184 = -488. What is the greatest common divisor of d and 8?
8
Let f be 2 + -1 - (-1 - -2). Suppose f = 4*a + v - 123, v = a - 4 - 33. What is the highest common divisor of a and 8?
8
Let w = 101 - 326. Let n = w + 387. Suppose 3*j + 10 = 64. What is the greatest common divisor of j and n?
18
Let u be (2*1)/(4/(-8)). Let w be (-4)/(-3) - (516/9)/(-2). Let g = w + u. Calculate the highest common factor of 39 and g.
13
Let a = 65 + -119. Let r = a + 94. Calculate the greatest common factor of 10 and r.
10
Suppose -576 = -24*x + 8*x. Calculate the highest common factor of 408 and x.
12
Suppose 2*c = z - 7, 4*z = 2*z - 3*c. Suppose -17 = -o + z. Suppose 3*h - o = 10. What is the greatest common factor of 10 and h?
10
Suppose -5 + 1 = r. Let f = r - -28. Suppose -3*o + t - 6*t = -52, 2*t = 2*o - f. Calculate the highest common divisor of o and 70.
14
Suppose j = -4*d + 244, 2*d - 36 = -3*j + 96. Calculate the highest common factor of 150 and d.
30
Suppose 0 = -65*p + 2685 + 2255. What is the greatest common divisor of p and 4?
4
Suppose -86 = -3*y + 49. Let d be 4005/(-40) + (-2)/(-16). Let j = d + 118. What is the highest common factor of y and j?
9
Suppose 0 = -0*d - 4*d + 16. Suppose h = -h + d, 4*n - 3*h - 150 = 0. Let t(g) = 52*g - 975. Let p be t(19). What is the greatest common divisor of n and p?
13
Let z be ((-6)/8)/((-2)/(-96)). Let n = z + 61. Calculate the highest common factor of n and 10.
5
Suppose 74 = 5*u + 3*v, 15*u - 13*u + 4*v = 38. Calculate the highest common divisor of u and 767.
13
Let d be 60/(-64)*-4*28. Calculate the greatest common divisor of 30 and d.
15
Suppose 2*p = 3*p + 3. Let k be ((15/p)/10)/(1/(-42)). What is the highest common divisor of k and 14?
7
Suppose -9*x + 14*x + 100 = 0. Let f = 44 + x. Calculate the highest common divisor of f and 3.
3
Suppose -5*l + 20 = 2*j, -j - 2 - 3 = -5*l. Let o = -3 + j. Suppose z + o*t - 52 = 0, -4*z + 104 = -2*z + 3*t. Calculate the highest common factor of z and 26.
26
Let z(g) = -15*g - 78. Let b be z(-13). Calculate the highest common factor of 